 the greatest common divisor of 49197 and 279.
93
What is the highest common factor of 46 and 339733?
23
Calculate the highest common divisor of 199 and 1855675.
199
What is the greatest common divisor of 5757 and 3939?
303
What is the highest common factor of 6574 and 437?
19
What is the highest common divisor of 112 and 203266?
14
Calculate the greatest common factor of 535 and 13.
1
Calculate the greatest common divisor of 6897 and 6534.
363
What is the greatest common divisor of 308612 and 12?
4
What is the greatest common factor of 25043 and 951?
317
Calculate the greatest common divisor of 4710 and 60.
30
Calculate the greatest common factor of 3990 and 12390.
210
What is the highest common divisor of 801369 and 45?
9
What is the greatest common divisor of 208898 and 4470?
298
Calculate the highest common divisor of 85 and 160.
5
Calculate the greatest common divisor of 28 and 3317146.
14
Calculate the highest common factor of 124 and 304358.
62
Calculate the greatest common divisor of 2355 and 630.
15
What is the greatest common factor of 44615 and 10?
5
What is the greatest common factor of 12765 and 35520?
555
What is the highest common factor of 48 and 16464?
48
Calculate the greatest common factor of 523156 and 2728.
124
What is the greatest common factor of 43220 and 60?
20
What is the greatest common divisor of 6367434 and 197?
197
Calculate the highest common factor of 145 and 38251.
29
What is the highest common factor of 187072 and 2133?
79
Calculate the greatest common factor of 3058 and 5038.
22
Calculate the highest common factor of 48 and 606.
6
What is the highest common divisor of 13 and 447213?
13
Calculate the highest common divisor of 68824 and 126.
14
Calculate the greatest common factor of 130611 and 901.
17
What is the highest common divisor of 152816 and 32?
16
Calculate the highest common divisor of 182 and 914966.
26
Calculate the greatest common divisor of 204 and 60078.
102
What is the highest common divisor of 334 and 367734?
334
Calculate the greatest common divisor of 541 and 4940953.
541
Calculate the highest common divisor of 2469845 and 245.
245
Calculate the greatest common divisor of 28 and 816676.
28
Calculate the highest common factor of 273 and 489.
3
What is the highest common factor of 8289980 and 2742?
914
What is the greatest common factor of 18216788 and 599?
599
Calculate the highest common divisor of 6990 and 6810.
30
What is the greatest common divisor of 309771 and 135?
27
What is the greatest common divisor of 39577 and 19?
19
What is the highest common factor of 27237 and 1505?
7
What is the highest common factor of 56 and 2811900?
28
What is the highest common divisor of 149 and 55577?
149
Calculate the greatest common divisor of 22971 and 1581.
93
What is the highest common divisor of 240 and 172208?
16
What is the highest common factor of 2240 and 5320?
280
Calculate the greatest common divisor of 7616 and 1632.
544
What is the greatest common factor of 528 and 649?
11
What is the greatest common divisor of 11670 and 70?
10
What is the greatest common factor of 192 and 4716?
12
What is the highest common factor of 425 and 3247?
17
Calculate the greatest common divisor of 884 and 136102.
34
What is the highest common divisor of 46374 and 9170?
262
Calculate the greatest common factor of 52305 and 2055.
15
Calculate the greatest common factor of 519942 and 30.
6
What is the greatest common divisor of 209 and 74727?
19
Calculate the greatest common divisor of 34386 and 1.
1
What is the highest common factor of 1246 and 9380?
14
Calculate the highest common factor of 424 and 193238.
106
Calculate the greatest common divisor of 14 and 2446.
2
Calculate the greatest common factor of 35033 and 159.
53
Calculate the greatest common factor of 11710 and 90.
10
What is the highest common factor of 108 and 228372?
12
What is the greatest common factor of 111993 and 462?
21
What is the greatest common factor of 16943642 and 178?
178
What is the highest common factor of 979 and 136348?
89
Calculate the highest common factor of 15225 and 406.
203
Calculate the greatest common divisor of 96 and 94408.
8
What is the greatest common factor of 15789 and 39?
3
Calculate the greatest common factor of 120 and 1699000.
40
Calculate the greatest common factor of 2618 and 517.
11
What is the greatest common factor of 4 and 313300?
4
Calculate the highest common divisor of 112 and 26276.
4
What is the highest common factor of 56 and 215467?
7
What is the highest common divisor of 5 and 22465?
5
Calculate the highest common factor of 1088 and 78744.
136
What is the greatest common divisor of 5 and 40995?
5
What is the greatest common divisor of 33 and 9746?
11
Calculate the highest common divisor of 72340 and 20.
20
What is the greatest common factor of 1176 and 1302?
42
Calculate the highest common divisor of 16246498 and 2062.
2062
Calculate the highest common factor of 9 and 1057.
1
What is the greatest common factor of 54 and 25902?
18
Calculate the greatest common divisor of 393880 and 23220.
860
Calculate the highest common divisor of 81 and 2557413.
81
What is the greatest common divisor of 1152292 and 8672?
1084
What is the highest common factor of 234876 and 2664?
444
What is the highest common divisor of 3425 and 378805?
685
What is the greatest common factor of 15609 and 2193?
129
Calculate the greatest common divisor of 56 and 35287.
7
What is the highest common divisor of 126648 and 40?
8
What is the greatest common divisor of 119820 and 48?
12
Calculate the highest common divisor of 109107 and 189.
27
What is the highest common divisor of 777 and 1998?
111
What is the greatest common divisor of 16362 and 4141?
101
What is the highest common factor of 83 and 9016373?
83
Calculate the highest common divisor of 113528 and 1288.
184
Calculate the highest common divisor of 1176 and 2226.
42
Calculate the greatest common factor of 2759 and 12617.
31
What is the greatest common factor of 154 and 1044659?
77
Calculate the highest common factor of 4939 and 275.
11
What is the highest common divisor of 1600 and 33120?
160
Calculate the highest common divisor of 1418 and 74.
2
Calculate the greatest common divisor of 129000 and 48.
24
What is the greatest common factor of 29330 and 2240?
70
What is the greatest common divisor of 4893653 and 3063?
1021
What is the greatest common factor of 1335 and 24564?
267
What is the highest common factor of 78871 and 975?
13
Calculate the greatest common factor of 805714 and 1330.
266
What is the highest common divisor of 33330 and 627?
33
Calculate the highest common factor of 147 and 16569.
21
Calculate the highest common factor of 5824 and 31122.
182
Calculate the highest common factor of 77 and 100771.
11
What is the greatest common divisor of 1070 and 94695?
535
What is the highest common factor of 4608 and 1476?
36
Calculate the highest common divisor of 513 and 225.
9
What is the highest common factor of 135 and 4155?
15
What is the highest common factor of 80 and 128560?
80
What is the highest common factor of 26737 and 19?
1
Calculate the greatest common factor of 72121 and 469.
7
Calculate the highest common factor of 1216011 and 8337.
1191
Calculate the highest common factor of 38428 and 2.
2
Calculate the highest common factor of 95408 and 64.
16
What is the greatest common factor of 100472 and 9500?
76
What is the highest common divisor of 311940 and 5?
5
Calculate the highest common factor of 350 and 68650.
50
Calculate the greatest common factor of 2 and 80068.
2
What is the highest common divisor of 4350 and 3750?
150
What is the greatest common divisor of 86152 and 121?
121
What is the highest common factor of 802861 and 201?
67
What is the greatest common factor of 24 and 961014?
6
What is the highest common factor of 2716 and 164512?
388
What is the highest common divisor of 3 and 448689?
3
Calculate the highest common factor of 1616 and 3636.
404
Calculate the highest common divisor of 10147 and 95771.
139
What is the highest common factor of 16744 and 183092?
364
Calculate the highest common divisor of 922 and 1853681.
461
Calculate the greatest common divisor of 61397 and 3773.
343
What is the highest common factor of 2352 and 208?
16
What is the